 (-12)/(-7). What is the tens digit of (2 + c)*-1*-4?
1
Let j = 25 + -15. Let a be 16/40 - (-546)/j. Suppose -a = -2*b - 3*b. What is the units digit of b?
1
Let a = -3 - -3. Suppose 2*h = 6*h + 3*p - 28, a = -2*p. What is the units digit of h?
7
Suppose 8 + 8 = 4*f. Suppose -4*p - 42 = -2*y, 0 = -f*p - 3*y - 42 + 15. What is the units digit of 4 + 3/(p/(-3))?
5
Let w(h) = -h**3 - h**2 - h + 229. What is the units digit of w(0)?
9
Let i(p) = 7*p**2 - 4*p + 4. What is the units digit of i(3)?
5
Let k(x) = -7*x. Let i = 23 + -25. What is the units digit of k(i)?
4
Suppose -11 = 2*a - 33. What is the tens digit of a?
1
Let c = -1 - 2. Let x be (-3)/(c/5*1). Suppose 0 = x*p - 3 - 7. What is the units digit of p?
2
Suppose -4*g = -g. Suppose -3*x + g*x + 12 = 0. What is the units digit of x/(-6) - 17/(-3)?
5
Suppose -8*y + 15 = -3*y, r - 35 = -y. What is the tens digit of r?
3
Suppose -3*j + 41 = -5*u, 3*j - 33 = -0*j - 3*u. Suppose -j = -5*b + 3. Suppose -b*r + 29 = f, 0*r - 2*f = -3*r + 14. What is the units digit of r?
8
Let t(h) = -h**2 - 3*h + 3. Let s be t(-3). Suppose s*m + 4 = -14. What is the units digit of (-3)/m + (-9)/(-2)?
5
Suppose 12 = -4*v - 5*y, -3*v - 14 = 2*y + 3*y. What is the units digit of v?
2
Suppose u - 6 = -2*u. Suppose -u*d - w + 66 = w, -4*w = -d + 8. What is the units digit of d?
8
Let y = -15 + 15. Suppose 0 = -2*v - y*v - 4*d + 60, -3*v + d = -62. What is the units digit of v?
2
Let s be 8/20 + 136/10. Let k = 66 + -46. Let z = k - s. What is the units digit of z?
6
Let f(o) = 5*o**3 + o**2 - 1. Let d be -1 - (1 - 1 - 2). What is the units digit of f(d)?
5
What is the tens digit of ((-24)/(-10))/((-30)/(-375))?
3
Let t(l) = l**2 - 4*l - 8. Let a be t(6). Suppose 3*q - 9 = -3*o, -a*q + 5*o - 15 = q. Suppose -x + q*x = s - 1, 2*x + 40 = 5*s. What is the units digit of s?
6
Let j be ((-156)/(-2))/3 + -1. Suppose -5*t + 27 = 4*i - j, -4*t - 4*i = -40. Suppose 5*u - 2*u = -2*k + 40, -2*k = -4*u - t. What is the units digit of k?
4
Suppose -y = 2*y - 39. Let x be (-2)/6 - 10/(-3). Suppose -2*m + y = -x. What is the units digit of m?
8
Let j = 96 - -15. What is the units digit of j?
1
Let i = -22 + 89. What is the tens digit of i?
6
Let i = 18 - 7. What is the units digit of i?
1
Let s(q) be the third derivative of -q**6/30 - q**5/30 - q**4/24 + 3*q**2. Let k be s(-1). Suppose -2*u = -k*u + 2. What is the units digit of u?
2
Let t(m) = -13*m - 45. What is the tens digit of t(-11)?
9
Suppose 4*b - 4 = 12. Suppose -3*f + 13 - b = 0. What is the units digit of f?
3
Suppose -60 = 5*o - 185. Let u be 2/5 + 115/o. What is the units digit of 2*(-1 + u/2)?
3
Suppose -25 - 29 = -2*l. What is the tens digit of l?
2
Suppose 0 = 10*q - 25 - 175. What is the tens digit of q?
2
Suppose 4*z - 6*z + 194 = 0. Let j = -65 + z. What is the tens digit of j?
3
Suppose 13 = x + 4. Suppose -5*m + 51 = -x. What is the units digit of m?
2
Suppose 0 = -x + 2 + 3. Suppose x*v + u = 20, -2*u - 2*u + 5 = -5*v. Suppose 3*f = 4*d - 13 - 18, 0 = -v*d + 2*f + 23. What is the units digit of d?
7
Let a(j) = j + 7. Let l be a(-5). Suppose -5*k = 5*r - 65, l*k - 16 = 2*r + 26. What is the tens digit of k?
1
Suppose 5*b - 394 = -5*z + 3*z, -4*z = 5*b - 768. What is the tens digit of z?
8
Let s(g) = -2*g**2 - 10*g + 5. Let d be s(-5). Let q = 5 - 2. Suppose -q*k + d*h + 7 + 14 = 0, -2*h = -5*k + 16. What is the units digit of k?
2
Let a = 4 + 26. What is the units digit of a?
0
Let t(z) = -117*z + 18. What is the units digit of t(-3)?
9
Let h(k) = 3*k**3 + k**2 - k. Let v be h(1). Let j(b) = 40*b**3 + 6 - 2*b - 3*b**2 - 41*b**v + 6*b. What is the units digit of j(-4)?
6
Let z(g) = 63*g**2 + 0 + 4 - 62*g**2 - 9*g. What is the units digit of z(9)?
4
Let d be (7 - 1)*72/16. Suppose -3*m = -36 - d. What is the units digit of m?
1
Suppose -2*h + 3 = -3, 4*j - h + 275 = 0. Let a = j + 95. What is the units digit of a?
7
Let d(p) = -p**3 + 5*p + 4. What is the tens digit of d(-4)?
4
Let y(s) be the first derivative of s**3/3 - 2*s**2 + 3*s - 2. What is the units digit of y(4)?
3
Let v(b) = b**3 + b**2 - b + 18. Let d be v(0). Let h = -7 + 11. Suppose d = -r + h*r. What is the units digit of r?
6
Suppose 0 = v + v - 66. What is the tens digit of v?
3
Suppose 4 = -3*q - q. Let z = -5 + q. Let h = z - -15. What is the units digit of h?
9
Let g(j) = 22*j - 51. What is the hundreds digit of g(9)?
1
Let p be 3/2 - (-2)/4. What is the units digit of p/(-3)*3 - -8?
6
Let p(k) = 15*k + 5. What is the tens digit of p(3)?
5
Let o(n) = 2*n - 2. Let b be o(2). Let f(c) = 10*c**2 - 2*c. Let t be f(b). Suppose -19 - t = -5*r + 5*y, 5*y + 27 = 3*r. What is the tens digit of r?
1
Let b(x) = -x - 1. Let r be b(4). Let v = r + 7. What is the units digit of v?
2
Let c = -1 - -15. What is the tens digit of c?
1
Suppose g = 4*k + 89, 6*k + 560 = 5*g + 9*k. What is the units digit of g?
9
Let a(r) = r**3 - 7*r**2 + 3. Let v be a(7). Let g = 8 - v. Suppose -3*m + 4*m + g = -4*q, 0 = -5*m - 5*q + 5. What is the units digit of m?
3
Suppose 4*k - 8 = 180. What is the tens digit of k?
4
Let l = 7 + -3. Suppose -l*h = -93 + 29. Suppose -z + 3*z = h. What is the units digit of z?
8
Suppose 5*k - 3*m = -12, -3*k + 5*m - 2 - 2 = 0. Let s = k + 8. Suppose p - 30 = -s*q, 2*p - 8 = -0*q + 3*q. What is the tens digit of p?
1
Suppose -7*k + 12*k = 0. Suppose -4*p + 3*p + 22 = k. What is the units digit of p?
2
Let q(o) = 5*o + 3. Let l be q(3). What is the units digit of (0 + -15)*l/(-45)?
6
Suppose -3*n - 3*z - 14 = -4*n, 2*n = z + 23. Suppose 3*h + o - 9 - n = 0, -3*o = 3. What is the units digit of h?
7
Let p = 5 - 5. Suppose 2*c - 12 + 6 = p. What is the units digit of c?
3
Let t = -9 + 14. Suppose t*b - 48 = b. What is the tens digit of b?
1
Let o = 11 - -31. What is the tens digit of o?
4
Suppose -5*b + c + 919 = -346, 2*b + 3*c = 523. What is the hundreds digit of b?
2
Suppose 2*v + 1 = -1. Let y be (-28)/(-8) - v/(-2). Let h = -1 + y. What is the units digit of h?
2
What is the tens digit of (50/15)/(4/18)?
1
Suppose 0 = x + 4 - 7. Suppose -4*a + 100 = 2*q - 0*q, -a + 15 = x*q. What is the units digit of a?
7
Suppose -4*l = 2 - 10. What is the units digit of 17 - 1 - (l + -4)?
8
What is the units digit of ((-4)/6)/((-11)/660)?
0
Let q(n) = n**3 - 8*n**2 - 4*n - 13. Let k be q(9). Suppose k = 4*w - 2*w. What is the units digit of w?
6
Suppose -4*u + 0*u + 117 = 3*m, 48 = 2*u - 2*m. What is the units digit of u?
7
Let l = 5 + 1. Suppose r = 13 - l. What is the units digit of r?
7
Let p(a) = -a**3 + 3*a**2 + a - 1. Let w be p(3). What is the units digit of 0*1/w + 20?
0
Let u be (-4 - -4) + 1*2. Suppose 3*n = -3*w - n - 28, -3*w + u*n = 4. Let a(t) = t**3 + 5*t**2 + 2*t - 3. What is the units digit of a(w)?
5
Let y(z) = z**3 + 4*z**2 + z. Let k be y(-2). Let v = 4 - k. What is the units digit of (4 + -18)*1/v?
7
Suppose 5*k - 116 = 3*x, 0*x = 3*x - 9. What is the tens digit of k?
2
Let g(z) = -z**2 + 7*z - 3. Let k be g(6). Suppose 0*w = -3*w - k*v - 15, -5*w = -v - 5. Let u(x) = -x**3 + x**2 + x + 2. What is the units digit of u(w)?
2
Suppose -2*q + 4*h = -44, -94 = -4*q + 3*h - 1. Suppose 2*c = -3*t + q, 2*c - 2*t - 28 = -6*t. What is the units digit of c?
6
Let s(x) = -18*x - 1. Suppose 2*d - 2 = -4. What is the units digit of s(d)?
7
Let l(o) = o**3 - 2*o**2 + 4*o - 2. Let y be l(2). Let h(b) = b**3 - 6*b**2 + 2*b - 7. What is the units digit of h(y)?
5
Let q be 12/(3 - 0) + 678. What is the tens digit of (-2)/3 - q/(-33)?
2
Suppose 2*a - 8 = -4. Suppose -i - 31 - 44 = -3*j, a*j - 4*i = 60. What is the tens digit of j?
2
Let s(k) = 10*k - 4. What is the units digit of s(4)?
6
Suppose 0 = j + 4*f - 2*f, -4*j - f + 21 = 0. Let i(n) = n**3 - 4*n**2 + n + 2. Let a be i(3). Let r = a + j. What is the units digit of r?
2
Suppose 45 = -s + 6*s. What is the units digit of s?
9
Suppose 0*w + 5*w = 10, -2*c = 5*w - 622. What is the tens digit of c?
0
Let y(n) = -n**2 + 10*n - 12. Let z be y(8). Let o(c) = 5*c**2. Let x be o(1). Suppose -k + x = z. What is the units digit of k?
1
Let j(p) = 19*p - 1. Let x be j(-2). Let g = -21 - x. What is the tens digit of g?
1
Suppose -3*l - 15 = 2*l. Let q = -1 - l. Suppose -3 = -v + 4*k, q = k - 0. What is the units digit of v?
1
Let p = 32 - 4. Suppose t = -0*t + 